by 3?
2
What is the remainder when 61 is divided by 30?
1
Calculate the remainder when 234 is divided by 23.
4
What is the remainder when 36988 is divided by 16?
12
Calculate the remainder when 5081 is divided by 48.
41
What is the remainder when 3760 is divided by 31?
9
What is the remainder when 33 is divided by 30?
3
Calculate the remainder when 79 is divided by 36.
7
What is the remainder when 60 is divided by 17?
9
What is the remainder when 28 is divided by 23?
5
Calculate the remainder when 290 is divided by 147.
143
Calculate the remainder when 2241 is divided by 51.
48
Calculate the remainder when 153 is divided by 9.
0
What is the remainder when 1828 is divided by 1816?
12
Calculate the remainder when 1614 is divided by 11.
8
Calculate the remainder when 1013 is divided by 10.
3
Calculate the remainder when 200 is divided by 3.
2
What is the remainder when 1102 is divided by 17?
14
Calculate the remainder when 4691 is divided by 3.
2
Calculate the remainder when 150 is divided by 34.
14
Calculate the remainder when 82 is divided by 74.
8
Calculate the remainder when 19843 is divided by 11.
10
Calculate the remainder when 2230 is divided by 56.
46
What is the remainder when 38 is divided by 19?
0
What is the remainder when 1763 is divided by 48?
35
Calculate the remainder when 3431 is divided by 173.
144
Calculate the remainder when 392 is divided by 354.
38
Calculate the remainder when 5583 is divided by 27.
21
Calculate the remainder when 155 is divided by 31.
0
Calculate the remainder when 442 is divided by 37.
35
What is the remainder when 2441 is divided by 57?
47
What is the remainder when 557 is divided by 70?
67
Calculate the remainder when 599 is divided by 35.
4
What is the remainder when 19034 is divided by 114?
110
What is the remainder when 1288 is divided by 185?
178
Calculate the remainder when 83 is divided by 36.
11
Calculate the remainder when 210 is divided by 37.
25
Calculate the remainder when 70 is divided by 8.
6
What is the remainder when 301 is divided by 36?
13
What is the remainder when 1292 is divided by 18?
14
What is the remainder when 514 is divided by 94?
44
Calculate the remainder when 3678 is divided by 10.
8
What is the remainder when 25 is divided by 4?
1
What is the remainder when 81 is divided by 33?
15
Calculate the remainder when 1971 is divided by 35.
11
What is the remainder when 3612 is divided by 71?
62
Calculate the remainder when 117 is divided by 62.
55
What is the remainder when 211 is divided by 53?
52
Calculate the remainder when 762 is divided by 147.
27
What is the remainder when 23 is divided by 5?
3
What is the remainder when 216 is divided by 48?
24
What is the remainder when 294 is divided by 79?
57
What is the remainder when 299 is divided by 85?
44
Calculate the remainder when 2162 is divided by 8.
2
What is the remainder when 36 is divided by 14?
8
Calculate the remainder when 207 is divided by 15.
12
Calculate the remainder when 66 is divided by 12.
6
Calculate the remainder when 1119 is divided by 7.
6
Calculate the remainder when 1502 is divided by 726.
50
What is the remainder when 14142 is divided by 47?
42
Calculate the remainder when 95 is divided by 94.
1
What is the remainder when 566 is divided by 36?
26
What is the remainder when 8616 is divided by 2869?
9
Calculate the remainder when 6013 is divided by 17.
12
What is the remainder when 535 is divided by 91?
80
Calculate the remainder when 79 is divided by 16.
15
Calculate the remainder when 6418 is divided by 11.
5
What is the remainder when 280 is divided by 97?
86
What is the remainder when 585 is divided by 31?
27
Calculate the remainder when 183 is divided by 6.
3
What is the remainder when 387 is divided by 79?
71
Calculate the remainder when 238 is divided by 62.
52
What is the remainder when 9203 is divided by 188?
179
Calculate the remainder when 118 is divided by 51.
16
What is the remainder when 911 is divided by 11?
9
What is the remainder when 754 is divided by 21?
19
Calculate the remainder when 122 is divided by 21.
17
What is the remainder when 63 is divided by 17?
12
What is the remainder when 25 is divided by 6?
1
What is the remainder when 4918 is divided by 491?
8
What is the remainder when 32 is divided by 17?
15
Calculate the remainder when 132 is divided by 20.
12
Calculate the remainder when 1684 is divided by 12.
4
Calculate the remainder when 364 is divided by 135.
94
Calculate the remainder when 839 is divided by 240.
119
Calculate the remainder when 172 is divided by 33.
7
Calculate the remainder when 250 is divided by 66.
52
What is the remainder when 58 is divided by 7?
2
Calculate the remainder when 1592 is divided by 57.
53
What is the remainder when 231 is divided by 116?
115
What is the remainder when 1772 is divided by 866?
40
Calculate the remainder when 349 is divided by 292.
57
Calculate the remainder when 667 is divided by 169.
160
What is the remainder when 575 is divided by 403?
172
Calculate the remainder when 41 is divided by 14.
13
What is the remainder when 268 is divided by 17?
13
Calculate the remainder when 2420 is divided by 162.
152
What is the remainder when 261 is divided by 12?
9
What is the remainder when 3695 is divided by 48?
47
Calculate the remainder when 1185 is divided by 235.
10
Calculate the remainder when 46 is divided by 14.
4
Calculate the remainder when 201 is divided by 74.
53
What is the remainder when 13097 is divided by 59?
58
What is the remainder when 384 is divided by 81?
60
Calculate the remainder when 4341 is divided by 181.
178
Calculate the remainder when 36007 is divided by 65.
62
What is the remainder when 461 is divided by 52?
45
Calculate the remainder when 102 is divided by 36.
30
What is the remainder when 151 is divided by 13?
8
What is the remainder when 854 is divided by 279?
17
What is the remainder when 243 is divided by 90?
63
What is the remainder when 92 is divided by 48?
44
What is the remainder when 670 is divided by 256?
158
What is the remainder when 741 is divided by 62?
59
What is the remainder when 53 is divided by 38?
15
Calculate the remainder when 685 is divided by 137.
0
What is the remainder when 10190 is divided by 237?
236
What is the remainder when 585 is divided by 174?
63
Calculate the remainder when 444 is divided by 114.
102
Calculate the remainder when 848 is divided by 23.
20
Calculate the remainder when 2097 is divided by 30.
27
What is the remainder when 177 is divided by 18?
15
Calculate the remainder when 391 is divided by 36.
31
Calculate the remainder when 331 is divided by 218.
113
What is the remainder when 51611 is divided by 11?
10
What is the remainder when 177 is divided by 45?
42
Calculate the remainder when 769 is divided by 138.
79
What is the remainder when 1748 is divided by 35?
33
Calculate the remainder when 203 is divided by 95.
13
What is the remainder when 5898 is divided by 7?
4
Calculate the remainder when 275 is divided by 43.
17
Calculate the remainder when 2006 is divided by 58.
34
What is the remainder when 2284 is divided by 44?
40
Calculate the remainder when 156 is divided by 33.
24
What is the remainder when 108 is divided by 47?
14
What is the remainder when 1274 is divided by 16?
10
What is the remainder when 54 is divided by 14?
12
Calculate the remainder when 84 is divided by 53.
31
Calculate the remainder when 35 is divided by 6.
5
Calculate the remainder when 52 is divided by 49.
3
Calculate the remainder when 1972 is divided by 635.
67
What is the remainder when 8153 is divided by 18?
17
Calculate the remainder when 2197 is divided by 728.
13
Calculate the remainder when 689 is divided by 333.
23
What is the remainder when 269 is divided by 54?
53
What is the remainder when 1431 is divided by 284?
11
Calculate the remainder when 16930 is divided by 17.
15
What is the remainder when 6490 is divided by 116?
110
What is the remainder when 413 is divided by 46?
45
Calculate the remainder when 8330 is divided by 13.
10
Calculate the remainder when 7018 is divided by 48.
10
Calculate the remainder when 137 is divided by 58.
21
What is the remainder when 368 is divided by 3?
2
What is the remainder when 2168 is divided by 35?
33
Calculate the remainder when 719 is divid